{"id":96,"date":"2019-02-22T20:29:44","date_gmt":"2019-02-22T19:29:44","guid":{"rendered":"http:\/\/www.samoizbor.me\/css\/?page_id=96"},"modified":"2019-03-12T23:47:16","modified_gmt":"2019-03-12T22:47:16","slug":"sual-archives","status":"publish","type":"page","link":"https:\/\/www.sual-archives.net\/css\/sual-archives\/","title":{"rendered":"SUAL ARCHIVES"},"content":{"rendered":"\t\t<div class=\"shailan-subpages-container\">\r\n            <ul class=\"subpages\">\r\n                <li class=\"page_item page-item-297 page_item_has_children\"><a href=\"https:\/\/www.sual-archives.net\/css\/sual-archives\/2006-2\/\">2006<\/a>\n<ul class='children'>\n\t<li class=\"page_item page-item-888\"><a href=\"https:\/\/www.sual-archives.net\/css\/sual-archives\/2006-2\/adolfo-kaplan\/\">Adolfo Kaplan<\/a><\/li>\n\t<li class=\"page_item page-item-997\"><a href=\"https:\/\/www.sual-archives.net\/css\/sual-archives\/2006-2\/antje-vowinckel\/\">Antje Vowinckel<\/a><\/li>\n\t<li class=\"page_item page-item-877\"><a href=\"https:\/\/www.sual-archives.net\/css\/sual-archives\/2006-2\/apostolos-loufopoulos\/\">Apostolos Loufopoulos<\/a><\/li>\n\t<li class=\"page_item page-item-1014\"><a href=\"https:\/\/www.sual-archives.net\/css\/sual-archives\/2006-2\/igor-lintz-maues\/\">Igor Lintz-Mau\u00e9s<\/a><\/li>\n\t<li class=\"page_item page-item-993\"><a href=\"https:\/\/www.sual-archives.net\/css\/sual-archives\/2006-2\/jurgen-berlakovich\/\">J\u00fcrgen Berlakovich<\/a><\/li>\n\t<li class=\"page_item page-item-984\"><a href=\"https:\/\/www.sual-archives.net\/css\/sual-archives\/2006-2\/kai-fagaschinski-bernhard-gal\/\">Kai Fagaschinski &#038; Bernhard Gal<\/a><\/li>\n\t<li class=\"page_item page-item-967\"><a href=\"https:\/\/www.sual-archives.net\/css\/sual-archives\/2006-2\/kyong-mee-choi\/\">Kyong Mee Choi<\/a><\/li>\n\t<li class=\"page_item page-item-975\"><a href=\"https:\/\/www.sual-archives.net\/css\/sual-archives\/2006-2\/mina-lunzer-brem\/\">Martina Lunzer Brem<\/a><\/li>\n\t<li class=\"page_item page-item-957\"><a href=\"https:\/\/www.sual-archives.net\/css\/sual-archives\/2006-2\/matias-giuliani-ortiz\/\">Matias Giuliani Ortiz<\/a><\/li>\n\t<li class=\"page_item page-item-1004\"><a href=\"https:\/\/www.sual-archives.net\/css\/sual-archives\/2006-2\/noid\/\">noid<\/a><\/li>\n\t<li class=\"page_item page-item-869\"><a href=\"https:\/\/www.sual-archives.net\/css\/sual-archives\/2006-2\/proyecto-itinerante\/\">Proyecto Itinerante<\/a><\/li>\n\t<li class=\"page_item page-item-364\"><a href=\"https:\/\/www.sual-archives.net\/css\/sual-archives\/2006-2\/ulrich-troyer\/\">Ulrich Troyer<\/a><\/li>\n\t<li class=\"page_item page-item-1010\"><a href=\"https:\/\/www.sual-archives.net\/css\/sual-archives\/2006-2\/wiener-gerauschorchester\/\">Wiener Ger\u00e4uschorchester<\/a><\/li>\n<\/ul>\n<\/li>\n<li class=\"page_item page-item-299 page_item_has_children\"><a href=\"https:\/\/www.sual-archives.net\/css\/sual-archives\/2007-2\/\">2007<\/a>\n<ul class='children'>\n\t<li class=\"page_item page-item-1078\"><a href=\"https:\/\/www.sual-archives.net\/css\/sual-archives\/2007-2\/and-oar\/\">and\/OAR<\/a><\/li>\n\t<li class=\"page_item page-item-1070\"><a href=\"https:\/\/www.sual-archives.net\/css\/sual-archives\/2007-2\/christopher-delaurenti\/\">Christopher DeLaurenti<\/a><\/li>\n\t<li class=\"page_item page-item-1066\"><a href=\"https:\/\/www.sual-archives.net\/css\/sual-archives\/2007-2\/gabriele-proy\/\">Gabriele Proy<\/a><\/li>\n\t<li class=\"page_item page-item-1059\"><a href=\"https:\/\/www.sual-archives.net\/css\/sual-archives\/2007-2\/lasse-marc-riek\/\">Lasse-Marc Riek<\/a><\/li>\n\t<li class=\"page_item page-item-1027\"><a href=\"https:\/\/www.sual-archives.net\/css\/sual-archives\/2007-2\/noid\/\">noid<\/a><\/li>\n\t<li class=\"page_item page-item-1049\"><a href=\"https:\/\/www.sual-archives.net\/css\/sual-archives\/2007-2\/patrick-mcginley\/\">Patrick McGinley<\/a><\/li>\n\t<li class=\"page_item page-item-1044\"><a href=\"https:\/\/www.sual-archives.net\/css\/sual-archives\/2007-2\/phonographie-ensemble\/\">Phonographie-Ensemble<\/a><\/li>\n\t<li class=\"page_item page-item-1039\"><a href=\"https:\/\/www.sual-archives.net\/css\/sual-archives\/2007-2\/robert-schwarz\/\">Robert Schwarz<\/a><\/li>\n\t<li class=\"page_item page-item-1033\"><a href=\"https:\/\/www.sual-archives.net\/css\/sual-archives\/2007-2\/stephan-roth\/\">Stephan Roth<\/a><\/li>\n<\/ul>\n<\/li>\n<li class=\"page_item page-item-301 page_item_has_children\"><a href=\"https:\/\/www.sual-archives.net\/css\/sual-archives\/2008-2\/\">2008<\/a>\n<ul class='children'>\n\t<li class=\"page_item page-item-1123\"><a href=\"https:\/\/www.sual-archives.net\/css\/sual-archives\/2008-2\/erin-gee\/\">Erin Gee<\/a><\/li>\n\t<li class=\"page_item page-item-1116\"><a href=\"https:\/\/www.sual-archives.net\/css\/sual-archives\/2008-2\/heribert-friedl\/\">Heribert Friedl<\/a><\/li>\n\t<li class=\"page_item page-item-1111\"><a href=\"https:\/\/www.sual-archives.net\/css\/sual-archives\/2008-2\/i8u\/\">i8u<\/a><\/li>\n\t<li class=\"page_item page-item-1107\"><a href=\"https:\/\/www.sual-archives.net\/css\/sual-archives\/2008-2\/klaus-filip\/\">Klaus Filip<\/a><\/li>\n\t<li class=\"page_item page-item-1103\"><a href=\"https:\/\/www.sual-archives.net\/css\/sual-archives\/2008-2\/martin-supper\/\">Martin Supper<\/a><\/li>\n\t<li class=\"page_item page-item-1097\"><a href=\"https:\/\/www.sual-archives.net\/css\/sual-archives\/2008-2\/nader-mashayekhi\/\">Nader Mashayekhi<\/a><\/li>\n\t<li class=\"page_item page-item-1092\"><a href=\"https:\/\/www.sual-archives.net\/css\/sual-archives\/2008-2\/the-international-nothing\/\">The International Nothing<\/a><\/li>\n\t<li class=\"page_item page-item-1084\"><a href=\"https:\/\/www.sual-archives.net\/css\/sual-archives\/2008-2\/tim-blechmann\/\">Tim Blechmann<\/a><\/li>\n<\/ul>\n<\/li>\n<li class=\"page_item page-item-303 page_item_has_children\"><a href=\"https:\/\/www.sual-archives.net\/css\/sual-archives\/2009-2\/\">2009<\/a>\n<ul class='children'>\n\t<li class=\"page_item page-item-1128\"><a href=\"https:\/\/www.sual-archives.net\/css\/sual-archives\/2009-2\/aaron-bronwyn-ximm\/\">Aaron &#038; Bronwyn Ximm<\/a><\/li>\n\t<li class=\"page_item page-item-1137\"><a href=\"https:\/\/www.sual-archives.net\/css\/sual-archives\/2009-2\/barbara-romen-gunter-schneider\/\">Barbara Romen &#038; Gunter Schneider<\/a><\/li>\n\t<li class=\"page_item page-item-1133\"><a href=\"https:\/\/www.sual-archives.net\/css\/sual-archives\/2009-2\/hans-tschiritsch-franz-haselsteiner\/\">Hans Tschiritsch &#038; Franz Haselsteiner<\/a><\/li>\n\t<li class=\"page_item page-item-1143\"><a href=\"https:\/\/www.sual-archives.net\/css\/sual-archives\/2009-2\/jorg-piringer\/\">J\u00f6rg Piringer<\/a><\/li>\n\t<li class=\"page_item page-item-1153\"><a href=\"https:\/\/www.sual-archives.net\/css\/sual-archives\/2009-2\/lionel-marchetti\/\">Lionel Marchetti<\/a><\/li>\n\t<li class=\"page_item page-item-1149\"><a href=\"https:\/\/www.sual-archives.net\/css\/sual-archives\/2009-2\/miriam-mone-kurt-petin\/\">Miriam Mone &#038; Kurt Petin<\/a><\/li>\n<\/ul>\n<\/li>\n<li class=\"page_item page-item-305 page_item_has_children\"><a href=\"https:\/\/www.sual-archives.net\/css\/sual-archives\/2010-2\/\">2010<\/a>\n<ul class='children'>\n\t<li class=\"page_item page-item-1192\"><a href=\"https:\/\/www.sual-archives.net\/css\/sual-archives\/2010-2\/blauwurf\/\">blauwurf<\/a><\/li>\n\t<li class=\"page_item page-item-1186\"><a href=\"https:\/\/www.sual-archives.net\/css\/sual-archives\/2010-2\/burkhard-stangl-kai-fagaschinski\/\">Burkhard Stangl &#038; Kai Fagaschinski<\/a><\/li>\n\t<li class=\"page_item page-item-1172\"><a href=\"https:\/\/www.sual-archives.net\/css\/sual-archives\/2010-2\/die-strottern\/\">Die Strottern<\/a><\/li>\n\t<li class=\"page_item page-item-1177\"><a href=\"https:\/\/www.sual-archives.net\/css\/sual-archives\/2010-2\/nader-mashayekhi\/\">Nader Mashayekhi<\/a><\/li>\n\t<li class=\"page_item page-item-1196\"><a href=\"https:\/\/www.sual-archives.net\/css\/sual-archives\/2010-2\/serge-baghdassarians-boris-baltschun\/\">Serge Baghdassarians &#038; Boris Baltschun<\/a><\/li>\n\t<li class=\"page_item page-item-1182\"><a href=\"https:\/\/www.sual-archives.net\/css\/sual-archives\/2010-2\/sure\/\">Sure<\/a><\/li>\n\t<li class=\"page_item page-item-1161\"><a href=\"https:\/\/www.sual-archives.net\/css\/sual-archives\/2010-2\/z-b-barbara-kaiser-tamara-wilhelm\/\">z.B.: &#8230; (Barbara Kaiser &#038; Tamara Wilhelm)<\/a><\/li>\n<\/ul>\n<\/li>\n<li class=\"page_item page-item-307 page_item_has_children\"><a href=\"https:\/\/www.sual-archives.net\/css\/sual-archives\/2011-2\/\">2011<\/a>\n<ul class='children'>\n\t<li class=\"page_item page-item-1219\"><a href=\"https:\/\/www.sual-archives.net\/css\/sual-archives\/2011-2\/amr-okba\/\">Amr Okba<\/a><\/li>\n\t<li class=\"page_item page-item-1234\"><a href=\"https:\/\/www.sual-archives.net\/css\/sual-archives\/2011-2\/christopher-haworth\/\">Christopher Haworth<\/a><\/li>\n\t<li class=\"page_item page-item-1243\"><a href=\"https:\/\/www.sual-archives.net\/css\/sual-archives\/2011-2\/cormac-crawley\/\">Cormac Crawley<\/a><\/li>\n\t<li class=\"page_item page-item-1239\"><a href=\"https:\/\/www.sual-archives.net\/css\/sual-archives\/2011-2\/franz-hautzinger-mazen-kerbaj\/\">Franz Hautzinger &#038; Mazen Kerbaj<\/a><\/li>\n\t<li class=\"page_item page-item-1224\"><a href=\"https:\/\/www.sual-archives.net\/css\/sual-archives\/2011-2\/hossam-mahmoud\/\">Hossam Mahmoud<\/a><\/li>\n\t<li class=\"page_item page-item-1228\"><a href=\"https:\/\/www.sual-archives.net\/css\/sual-archives\/2011-2\/mazen-hussein\/\">Mazen Hussein<\/a><\/li>\n\t<li class=\"page_item page-item-1209\"><a href=\"https:\/\/www.sual-archives.net\/css\/sual-archives\/2011-2\/mise_en_scene\/\">mise_en_scene<\/a><\/li>\n\t<li class=\"page_item page-item-1205\"><a href=\"https:\/\/www.sual-archives.net\/css\/sual-archives\/2011-2\/oliver-schneller\/\">Oliver Schneller<\/a><\/li>\n\t<li class=\"page_item page-item-1247\"><a href=\"https:\/\/www.sual-archives.net\/css\/sual-archives\/2011-2\/seth-ayyaz\/\">Seth Ayyaz<\/a><\/li>\n\t<li class=\"page_item page-item-1200\"><a href=\"https:\/\/www.sual-archives.net\/css\/sual-archives\/2011-2\/wysozky-arden-day\/\">Wysozky &#038; Arden Day<\/a><\/li>\n\t<li class=\"page_item page-item-1213\"><a href=\"https:\/\/www.sual-archives.net\/css\/sual-archives\/2011-2\/yoav-pasovsky\/\">Yoav Pasovsky<\/a><\/li>\n<\/ul>\n<\/li>\n<li class=\"page_item page-item-309 page_item_has_children\"><a href=\"https:\/\/www.sual-archives.net\/css\/sual-archives\/2012-2\/\">2012<\/a>\n<ul class='children'>\n\t<li class=\"page_item page-item-1266\"><a href=\"https:\/\/www.sual-archives.net\/css\/sual-archives\/2012-2\/andreas-bick\/\">Andreas Bick<\/a><\/li>\n\t<li class=\"page_item page-item-1293\"><a href=\"https:\/\/www.sual-archives.net\/css\/sual-archives\/2012-2\/aurelio-edler-copes\/\">Aur\u00e9lio Edler-Copes<\/a><\/li>\n\t<li class=\"page_item page-item-1305\"><a href=\"https:\/\/www.sual-archives.net\/css\/sual-archives\/2012-2\/belma-beslic-gal\/\">Belma Be\u0161li\u0107-G\u00e1l<\/a><\/li>\n\t<li class=\"page_item page-item-1301\"><a href=\"https:\/\/www.sual-archives.net\/css\/sual-archives\/2012-2\/chin-ting-chan\/\">Chin Ting Chan<\/a><\/li>\n\t<li class=\"page_item page-item-1297\"><a href=\"https:\/\/www.sual-archives.net\/css\/sual-archives\/2012-2\/cormac-crawley\/\">Cormac Crawley<\/a><\/li>\n\t<li class=\"page_item page-item-1280\"><a href=\"https:\/\/www.sual-archives.net\/css\/sual-archives\/2012-2\/craig-vear\/\">Craig Vear<\/a><\/li>\n\t<li class=\"page_item page-item-1276\"><a href=\"https:\/\/www.sual-archives.net\/css\/sual-archives\/2012-2\/danny-mccarthy\/\">Danny McCarthy<\/a><\/li>\n\t<li class=\"page_item page-item-1258\"><a href=\"https:\/\/www.sual-archives.net\/css\/sual-archives\/2012-2\/gruenrekorder\/\">Gruenrekorder<\/a><\/li>\n\t<li class=\"page_item page-item-1271\"><a href=\"https:\/\/www.sual-archives.net\/css\/sual-archives\/2012-2\/mark-lorenz-kysela\/\">Mark Lorenz Kysela<\/a><\/li>\n\t<li class=\"page_item page-item-1253\"><a href=\"https:\/\/www.sual-archives.net\/css\/sual-archives\/2012-2\/michael-vorfeld\/\">Michael Vorfeld<\/a><\/li>\n\t<li class=\"page_item page-item-1285\"><a href=\"https:\/\/www.sual-archives.net\/css\/sual-archives\/2012-2\/robert-schwarz\/\">Robert Schwarz<\/a><\/li>\n\t<li class=\"page_item page-item-1289\"><a href=\"https:\/\/www.sual-archives.net\/css\/sual-archives\/2012-2\/werner-raditschnig\/\">Werner Raditschnig<\/a><\/li>\n<\/ul>\n<\/li>\n<li class=\"page_item page-item-311 page_item_has_children\"><a href=\"https:\/\/www.sual-archives.net\/css\/sual-archives\/2013-2\/\">2013<\/a>\n<ul class='children'>\n\t<li class=\"page_item page-item-1346\"><a href=\"https:\/\/www.sual-archives.net\/css\/sual-archives\/2013-2\/eliane-radigue\/\">\u00c9liane Radigue<\/a><\/li>\n\t<li class=\"page_item page-item-1316\"><a href=\"https:\/\/www.sual-archives.net\/css\/sual-archives\/2013-2\/felipe-otondo\/\">Felipe Otondo<\/a><\/li>\n\t<li class=\"page_item page-item-1309\"><a href=\"https:\/\/www.sual-archives.net\/css\/sual-archives\/2013-2\/gunter-schneider-barbara-romen\/\">Gunter Schneider &#038; Barbara Romen<\/a><\/li>\n\t<li class=\"page_item page-item-1351\"><a href=\"https:\/\/www.sual-archives.net\/css\/sual-archives\/2013-2\/helga-arias-parra\/\">Helga Arias Parra<\/a><\/li>\n\t<li class=\"page_item page-item-1321\"><a href=\"https:\/\/www.sual-archives.net\/css\/sual-archives\/2013-2\/hermann-nitsch\/\">Hermann Nitsch<\/a><\/li>\n\t<li class=\"page_item page-item-1339\"><a href=\"https:\/\/www.sual-archives.net\/css\/sual-archives\/2013-2\/jamez-dean\/\">Jamez Dean<\/a><\/li>\n\t<li class=\"page_item page-item-1335\"><a href=\"https:\/\/www.sual-archives.net\/css\/sual-archives\/2013-2\/jean-francois-laporte\/\">Jean-Fran\u00e7ois Laporte<\/a><\/li>\n\t<li class=\"page_item page-item-1356\"><a href=\"https:\/\/www.sual-archives.net\/css\/sual-archives\/2013-2\/michael-moser\/\">Michael Moser<\/a><\/li>\n\t<li class=\"page_item page-item-1331\"><a href=\"https:\/\/www.sual-archives.net\/css\/sual-archives\/2013-2\/radu-malfatti\/\">Radu Malfatti<\/a><\/li>\n<\/ul>\n<\/li>\n<li class=\"page_item page-item-130 page_item_has_children\"><a href=\"https:\/\/www.sual-archives.net\/css\/sual-archives\/2014-2\/\">2014<\/a>\n<ul class='children'>\n\t<li class=\"page_item page-item-1383\"><a href=\"https:\/\/www.sual-archives.net\/css\/sual-archives\/2014-2\/abel-paul\/\">Abel Pa\u00fal<\/a><\/li>\n\t<li class=\"page_item page-item-1408\"><a href=\"https:\/\/www.sual-archives.net\/css\/sual-archives\/2014-2\/brandlmayr-hegenbart\/\">Brandlmayr\/\/Hegenbart<\/a><\/li>\n\t<li class=\"page_item page-item-1398\"><a href=\"https:\/\/www.sual-archives.net\/css\/sual-archives\/2014-2\/lukas-ligeti\/\">Lukas Ligeti<\/a><\/li>\n\t<li class=\"page_item page-item-1388\"><a href=\"https:\/\/www.sual-archives.net\/css\/sual-archives\/2014-2\/max-neuhaus\/\">Max Neuhaus<\/a><\/li>\n\t<li class=\"page_item page-item-1412\"><a href=\"https:\/\/www.sual-archives.net\/css\/sual-archives\/2014-2\/peter-ablinger\/\">Peter Ablinger<\/a><\/li>\n\t<li class=\"page_item page-item-1402\"><a href=\"https:\/\/www.sual-archives.net\/css\/sual-archives\/2014-2\/peter-jakober\/\">Peter Jakober<\/a><\/li>\n\t<li class=\"page_item page-item-1393\"><a href=\"https:\/\/www.sual-archives.net\/css\/sual-archives\/2014-2\/simon-longo\/\">Simon Longo<\/a><\/li>\n<\/ul>\n<\/li>\n<li class=\"page_item page-item-102 page_item_has_children\"><a href=\"https:\/\/www.sual-archives.net\/css\/sual-archives\/2015-2\/\">2015<\/a>\n<ul class='children'>\n\t<li class=\"page_item page-item-1428\"><a href=\"https:\/\/www.sual-archives.net\/css\/sual-archives\/2015-2\/bernhard-gal\/\">Bernhard G\u00e1l<\/a><\/li>\n\t<li class=\"page_item page-item-1423\"><a href=\"https:\/\/www.sual-archives.net\/css\/sual-archives\/2015-2\/pabst\/\">Pabst<\/a><\/li>\n\t<li class=\"page_item page-item-1435\"><a href=\"https:\/\/www.sual-archives.net\/css\/sual-archives\/2015-2\/philip-corner-phoebe-neville\/\">Philip Corner &#038; Phoebe Neville<\/a><\/li>\n\t<li class=\"page_item page-item-1439\"><a href=\"https:\/\/www.sual-archives.net\/css\/sual-archives\/2015-2\/plenum\/\">Plenum<\/a><\/li>\n\t<li class=\"page_item page-item-1445\"><a href=\"https:\/\/www.sual-archives.net\/css\/sual-archives\/2015-2\/salah-ammo-peter-gabis\/\">Salah Ammo &#038; Peter Gabis<\/a><\/li>\n\t<li class=\"page_item page-item-1416\"><a href=\"https:\/\/www.sual-archives.net\/css\/sual-archives\/2015-2\/zsolt-sores-aka-ahad\/\">Zsolt S\u00f6r\u00e9s (aka Ahad)<\/a><\/li>\n<\/ul>\n<\/li>\n<li class=\"page_item page-item-108 page_item_has_children\"><a href=\"https:\/\/www.sual-archives.net\/css\/sual-archives\/2016-2\/\">2016<\/a>\n<ul class='children'>\n\t<li class=\"page_item page-item-1491\"><a href=\"https:\/\/www.sual-archives.net\/css\/sual-archives\/2016-2\/belma-beslic-gal\/\">Belma Be\u0161li\u0107-G\u00e1l<\/a><\/li>\n\t<li class=\"page_item page-item-1475\"><a href=\"https:\/\/www.sual-archives.net\/css\/sual-archives\/2016-2\/bernhard-gal\/\">Bernhard G\u00e1l<\/a><\/li>\n\t<li class=\"page_item page-item-1497\"><a href=\"https:\/\/www.sual-archives.net\/css\/sual-archives\/2016-2\/carte-bleu\/\">Carte Bleu<\/a><\/li>\n\t<li class=\"page_item page-item-1465\"><a href=\"https:\/\/www.sual-archives.net\/css\/sual-archives\/2016-2\/gomberg-revisited\/\">GOMBERG REVISITED<\/a><\/li>\n\t<li class=\"page_item page-item-1455\"><a href=\"https:\/\/www.sual-archives.net\/css\/sual-archives\/2016-2\/harald-stojan\/\">Harald Stojan<\/a><\/li>\n\t<li class=\"page_item page-item-1470\"><a href=\"https:\/\/www.sual-archives.net\/css\/sual-archives\/2016-2\/irradiation\/\">Irradiation<\/a><\/li>\n\t<li class=\"page_item page-item-1487\"><a href=\"https:\/\/www.sual-archives.net\/css\/sual-archives\/2016-2\/martina-claussen\/\">Martina Claussen<\/a><\/li>\n\t<li class=\"page_item page-item-1460\"><a href=\"https:\/\/www.sual-archives.net\/css\/sual-archives\/2016-2\/paule-perrier\/\">Paule Perrier<\/a><\/li>\n\t<li class=\"page_item page-item-1481\"><a href=\"https:\/\/www.sual-archives.net\/css\/sual-archives\/2016-2\/salih-dursun-frederic-stritter\/\">Salih Dursun &#038; Frederic Stritter<\/a><\/li>\n\t<li class=\"page_item page-item-1450\"><a href=\"https:\/\/www.sual-archives.net\/css\/sual-archives\/2016-2\/soundarchitecture\/\">Sound|Architecture<\/a><\/li>\n\t<li class=\"page_item page-item-1508\"><a href=\"https:\/\/www.sual-archives.net\/css\/sual-archives\/2016-2\/von-fruh-bis-spat\/\">Von fr\u00fch bis sp\u00e4t<\/a><\/li>\n<\/ul>\n<\/li>\n<li class=\"page_item page-item-106 page_item_has_children\"><a href=\"https:\/\/www.sual-archives.net\/css\/sual-archives\/2017-2\/\">2017<\/a>\n<ul class='children'>\n\t<li class=\"page_item page-item-1519\"><a href=\"https:\/\/www.sual-archives.net\/css\/sual-archives\/2017-2\/erwin-stache\/\">Erwin Stache<\/a><\/li>\n\t<li class=\"page_item page-item-1523\"><a href=\"https:\/\/www.sual-archives.net\/css\/sual-archives\/2017-2\/iftaf\/\">institut f\u00fcr transakustische forschung<\/a><\/li>\n\t<li class=\"page_item page-item-1538\"><a href=\"https:\/\/www.sual-archives.net\/css\/sual-archives\/2017-2\/leif-inge\/\">Leif Inge<\/a><\/li>\n\t<li class=\"page_item page-item-1514\"><a href=\"https:\/\/www.sual-archives.net\/css\/sual-archives\/2017-2\/peter-ablinger\/\">Peter Ablinger<\/a><\/li>\n\t<li class=\"page_item page-item-1532\"><a href=\"https:\/\/www.sual-archives.net\/css\/sual-archives\/2017-2\/peter-ablinger-2\/\">Peter Ablinger<\/a><\/li>\n\t<li class=\"page_item page-item-1548\"><a href=\"https:\/\/www.sual-archives.net\/css\/sual-archives\/2017-2\/peter-ablinger-3\/\">Peter Ablinger<\/a><\/li>\n\t<li class=\"page_item page-item-1543\"><a href=\"https:\/\/www.sual-archives.net\/css\/sual-archives\/2017-2\/phonographie-ensemble\/\">Phonographie-Ensemble<\/a><\/li>\n\t<li class=\"page_item page-item-1527\"><a href=\"https:\/\/www.sual-archives.net\/css\/sual-archives\/2017-2\/steve-reich\/\">Steve Reich<\/a><\/li>\n<\/ul>\n<\/li>\n<li class=\"page_item page-item-104 page_item_has_children\"><a href=\"https:\/\/www.sual-archives.net\/css\/sual-archives\/2018-2\/\">2018<\/a>\n<ul class='children'>\n\t<li class=\"page_item page-item-1599\"><a href=\"https:\/\/www.sual-archives.net\/css\/sual-archives\/2018-2\/sonderfall-05\/\">#Sonderfall 0,5<\/a><\/li>\n\t<li class=\"page_item page-item-1610\"><a href=\"https:\/\/www.sual-archives.net\/css\/sual-archives\/2018-2\/bernhard-gal\/\">Bernhard G\u00e1l<\/a><\/li>\n\t<li class=\"page_item page-item-1564\"><a href=\"https:\/\/www.sual-archives.net\/css\/sual-archives\/2018-2\/christian-wolff\/\">Christian Wolff<\/a><\/li>\n\t<li class=\"page_item page-item-1582\"><a href=\"https:\/\/www.sual-archives.net\/css\/sual-archives\/2018-2\/edgar-guzman\/\">\u00c9dgar Guzm\u00e1n<\/a><\/li>\n\t<li class=\"page_item page-item-1607\"><a href=\"https:\/\/www.sual-archives.net\/css\/sual-archives\/2018-2\/elisabeth-flunger\/\">Elisabeth Flunger<\/a><\/li>\n\t<li class=\"page_item page-item-1556\"><a href=\"https:\/\/www.sual-archives.net\/css\/sual-archives\/2018-2\/heustadel\/\">Heustadel<\/a><\/li>\n\t<li class=\"page_item page-item-1590\"><a href=\"https:\/\/www.sual-archives.net\/css\/sual-archives\/2018-2\/klaus-filip\/\">Klaus Filip<\/a><\/li>\n\t<li class=\"page_item page-item-1574\"><a href=\"https:\/\/www.sual-archives.net\/css\/sual-archives\/2018-2\/matija-schellander\/\">Matija Schellander<\/a><\/li>\n\t<li class=\"page_item page-item-1578\"><a href=\"https:\/\/www.sual-archives.net\/css\/sual-archives\/2018-2\/matija-schellander-2\/\">Matija Schellander<\/a><\/li>\n\t<li class=\"page_item page-item-1586\"><a href=\"https:\/\/www.sual-archives.net\/css\/sual-archives\/2018-2\/noid\/\">noid<\/a><\/li>\n\t<li class=\"page_item page-item-1595\"><a href=\"https:\/\/www.sual-archives.net\/css\/sual-archives\/2018-2\/noid-2\/\">noid<\/a><\/li>\n\t<li class=\"page_item page-item-1569\"><a href=\"https:\/\/www.sual-archives.net\/css\/sual-archives\/2018-2\/schimana-noid\/\">Schimana\/noid<\/a><\/li>\n<\/ul>\n<\/li>\n            <\/ul>\r\n\t\t<\/div>\r\n\t\t","protected":false},"excerpt":{"rendered":"<p>2006 Adolfo Kaplan Antje Vowinckel Apostolos Loufopoulos Igor Lintz-Mau\u00e9s J\u00fcrgen Berlakovich Kai Fagaschinski &#038; Bernhard Gal Kyong Mee Choi Martina &hellip; <span class=\"more-button\"><a href=\"https:\/\/www.sual-archives.net\/css\/sual-archives\/\" class=\"more-link\">Continue Reading<span class=\"screen-reader-text\">SUAL ARCHIVES<\/span><\/a><\/span><\/p>\n","protected":false},"author":1,"featured_media":0,"parent":0,"menu_order":0,"comment_status":"closed","ping_status":"closed","template":"","meta":{"footnotes":""},"folder":[],"class_list":["post-96","page","type-page","status-publish","hentry"],"amp_enabled":true,"_links":{"self":[{"href":"https:\/\/www.sual-archives.net\/css\/wp-json\/wp\/v2\/pages\/96","targetHints":{"allow":["GET"]}}],"collection":[{"href":"https:\/\/www.sual-archives.net\/css\/wp-json\/wp\/v2\/pages"}],"about":[{"href":"https:\/\/www.sual-archives.net\/css\/wp-json\/wp\/v2\/types\/page"}],"author":[{"embeddable":true,"href":"https:\/\/www.sual-archives.net\/css\/wp-json\/wp\/v2\/users\/1"}],"replies":[{"embeddable":true,"href":"https:\/\/www.sual-archives.net\/css\/wp-json\/wp\/v2\/comments?post=96"}],"version-history":[{"count":7,"href":"https:\/\/www.sual-archives.net\/css\/wp-json\/wp\/v2\/pages\/96\/revisions"}],"predecessor-version":[{"id":821,"href":"https:\/\/www.sual-archives.net\/css\/wp-json\/wp\/v2\/pages\/96\/revisions\/821"}],"wp:attachment":[{"href":"https:\/\/www.sual-archives.net\/css\/wp-json\/wp\/v2\/media?parent=96"}],"wp:term":[{"taxonomy":"folder","embeddable":true,"href":"https:\/\/www.sual-archives.net\/css\/wp-json\/wp\/v2\/folder?post=96"}],"curies":[{"name":"wp","href":"https:\/\/api.w.org\/{rel}","templated":true}]}}