{"id":102,"date":"2019-02-22T20:30:32","date_gmt":"2019-02-22T19:30:32","guid":{"rendered":"http:\/\/www.samoizbor.me\/css\/?page_id=102"},"modified":"2019-04-05T16:51:56","modified_gmt":"2019-04-05T14:51:56","slug":"2015-2","status":"publish","type":"page","link":"https:\/\/www.sual-archives.net\/css\/sual-archives\/2015-2\/","title":{"rendered":"2015"},"content":{"rendered":"\t\t<div data-elementor-type=\"wp-post\" data-elementor-id=\"102\" class=\"elementor elementor-102\" data-elementor-post-type=\"page\">\n\t\t\t\t\t\t<section class=\"elementor-section elementor-top-section elementor-element elementor-element-d644562 elementor-section-boxed elementor-section-height-default elementor-section-height-default\" data-id=\"d644562\" data-element_type=\"section\">\n\t\t\t\t\t\t<div class=\"elementor-container elementor-column-gap-default\">\n\t\t\t\t\t<div class=\"elementor-column elementor-col-50 elementor-top-column elementor-element elementor-element-98b432c\" data-id=\"98b432c\" data-element_type=\"column\">\n\t\t\t<div class=\"elementor-widget-wrap elementor-element-populated\">\n\t\t\t\t\t\t<div class=\"elementor-element elementor-element-924a46b elementor-widget elementor-widget-text-editor\" data-id=\"924a46b\" data-element_type=\"widget\" data-widget_type=\"text-editor.default\">\n\t\t\t\t<div class=\"elementor-widget-container\">\n\t\t\t\t\t\t\t\t\t<p><strong><span style=\"font-size: 18pt;\">shut up and listen! 2015<\/span><\/strong><strong><span style=\"font-size: 12pt;\"><br \/><\/span><\/strong><\/p><p><strong><span style=\"font-size: 12pt;\">SO FAR! SO GOOD.<\/span><\/strong><\/p><p><u><span style=\"font-size: 10pt;\">Thursday, November 26, 2015<\/span><\/u><\/p><div><span style=\"font-size: 10pt;\"><b><a href=\"http:\/\/www.sual-archives.net\/css\/sual-archives\/2015-2\/bernhard-gal\/\" rel=\"noopener\">Bernhard G\u00e1l<\/a>:<\/b> <i>Beer Ceremony<\/i> \u2014 participative opening performance<\/span><span style=\"font-size: 10pt;\"><b><br \/><\/b><\/span><\/div><div><span style=\"font-size: 10pt;\"><b>Philip Corner:<\/b> <i>Carrot Chew Performance<\/i> \u2014 (post-)fluxus<\/span><\/div><div><span style=\"font-size: 10pt;\"><b><a href=\"http:\/\/www.sual-archives.net\/css\/sual-archives\/2015-2\/philip-corner-phoebe-neville\/\" rel=\"noopener\">Philip Corner &amp; Phoebe Neville<\/a>:<\/b> <i>Understanding<\/i><\/span><span style=\"font-size: 10pt;\"><b><br \/><\/b><\/span><\/div><div><span style=\"font-size: 10pt;\"><b><a href=\"http:\/\/www.sual-archives.net\/css\/sual-archives\/2015-2\/philip-corner-phoebe-neville\/\" rel=\"noopener\">Philip Corner<\/a>:<\/b> <i>Agnesia &#8211; Homage To Agnes Martin (FP)<\/i><\/span><\/div><p><span style=\"font-size: 10pt;\"><b><a href=\"http:\/\/www.sual-archives.net\/css\/sual-archives\/2015-2\/philip-corner-phoebe-neville\/\" rel=\"noopener\">Philip Corner<\/a>: <\/b><i>Piano Work &#8211; A Movement<\/i><\/span><\/p><p><span style=\"font-size: 10pt;\"><b><a href=\"http:\/\/www.sual-archives.net\/css\/sual-archives\/2015-2\/plenum\/\" rel=\"noopener\">Plenum<\/a>:<\/b> <i>6 : 1<\/i> for Paetzold Bass Recorder Sextet and Electronics (FP)<\/span><br \/><span style=\"font-size: 10pt;\">featuring <b><a href=\"https:\/\/www.sual-archives.net\/css\/sual-archives\/2015-2\/plenum\/\" rel=\"noopener\">Ang\u00e9lica Castell\u00f3<\/a> | <a href=\"https:\/\/www.sual-archives.net\/css\/sual-archives\/2015-2\/plenum\/\" rel=\"noopener\">Gobi Drab<\/a> | <a href=\"https:\/\/www.sual-archives.net\/css\/sual-archives\/2015-2\/plenum\/\" rel=\"noopener\">Katrin Hauk<\/a> | <a href=\"https:\/\/www.sual-archives.net\/css\/sual-archives\/2015-2\/plenum\/\" rel=\"noopener\">Thomas List<\/a> | <a href=\"https:\/\/www.sual-archives.net\/css\/sual-archives\/2015-2\/plenum\/\" rel=\"noopener\">Steffi Neuhuber<\/a> | <\/b><\/span><b><a href=\"https:\/\/www.sual-archives.net\/css\/sual-archives\/2015-2\/plenum\/\" rel=\"noopener\"><span style=\"font-size: 10pt;\">Reni Weichselbaum<\/span><\/a><\/b><\/p><p><u><span style=\"font-size: 10pt;\">Friday, November 27, 2015<\/span><\/u><\/p><div><span style=\"font-size: 10pt;\"><b><a href=\"http:\/\/www.sual-archives.net\/css\/sual-archives\/2015-2\/zsolt-sores-aka-ahad\/\" rel=\"noopener\">Zsolt S\u00f6r\u00e9s (aka Ahad)<\/a><\/b> \u2014 <i>noise<\/i><\/span><span style=\"font-size: 10pt;\"><b><br \/><\/b><\/span><\/div><div><span style=\"font-size: 10pt;\"><b><a href=\"http:\/\/www.sual-archives.net\/css\/sual-archives\/2015-2\/pabst\/\" rel=\"noopener\">Pabst<\/a><\/b> \u2014 avantgarde pop band<\/span><\/div><p><span style=\"font-size: 10pt;\"><b><a href=\"http:\/\/www.sual-archives.net\/css\/sual-archives\/2015-2\/salah-ammo-peter-gabis\/\" rel=\"noopener\">Salah Ammo &amp; Peter Gabis<\/a><\/b> \u2014 oriental world music-duo<\/span><\/p><p><u><span style=\"font-size: 10pt;\">Saturday, November 28, 2015<\/span><\/u><\/p><p><span style=\"font-size: 10pt;\"><i>So far! So good. shut up and listen! 2006\u20132015<\/i> \u2014 panel discussion and audiovisual presentation<\/span><br \/><span style=\"font-size: 10pt;\">featuring <b>Belma Be\u0161li\u0107-G\u00e1l | Bernhard G\u00e1l | Ernst Reitermaier | Werner Korn<\/b><\/span><\/p><p><span style=\"font-size: 10pt;\">afterwards: brunch<\/span><\/p><p><u><span style=\"font-size: 10pt;\">November 26\u201328, 2015<\/span><\/u><\/p><div><span style=\"font-size: 10pt;\"><i>SUAL 2006\u20132014<\/i> \u2014 photo exhibition<\/span><\/div><div><span style=\"font-size: 10pt;\"><b>Philip Corner:<\/b> <i>Carrot Chew Performance <\/i>(Scores) \u2014 exhibition<\/span><\/div><p><span style=\"font-size: 10pt;\"><b>starsky <\/b>\u2014 spatial light projections<\/span><\/p>\t\t\t\t\t\t\t\t<\/div>\n\t\t\t\t<\/div>\n\t\t\t\t\t<\/div>\n\t\t<\/div>\n\t\t\t\t<div class=\"elementor-column elementor-col-50 elementor-top-column elementor-element elementor-element-9513f4b\" data-id=\"9513f4b\" data-element_type=\"column\">\n\t\t\t<div class=\"elementor-widget-wrap elementor-element-populated\">\n\t\t\t\t\t\t<div class=\"elementor-element elementor-element-ee6b055 elementor-widget elementor-widget-text-editor\" data-id=\"ee6b055\" data-element_type=\"widget\" data-widget_type=\"text-editor.default\">\n\t\t\t\t<div class=\"elementor-widget-container\">\n\t\t\t\t\t\t\t\t\t<p><span style=\"font-size: 10pt;\">November 26-28, 2015 | <b>echoraum<\/b><\/span><\/p>\n<p><span style=\"font-size: 10pt;\">In 2015 we celebrate the tenth anniversary of the festival <i>shut up and listen!<\/i> \u2014 with a special edition acknowledging the usual principles of transdisciplinarity, networking and stylistic plurality, yet also taking critical inventory of the past festival decade. Aside from cutting-edge art music and sound art, we listen with curiosity outside the box, to an avant-pop band and a world music duo. Featuring a photo exhibition and a round table with current and previous curators and cooperation partners, we reflect upon preceding festival editions and speculate about the future.<\/span><\/p>\n<p><span style=\"font-size: 10pt;\">With his <i>Beer Ceremony<\/i> performance, festival initiator Bernhard G\u00e1l invites attendees to satisfy their thirst in a sonically interesting way, followed by composer Philip Corner\u2019s <i>Carrot Chew Performance<\/i>, offering mysterious orange-coloured vegetables to the audience. Joined by his partner Phoebe Neville, Corner proceeds with the duo performance <i>Understanding <\/i>and presents the world premiere of <i>Agnesia &#8211; Homage To Agnes Martin<\/i>. The first evening concludes with a performance by the Paetzold bass recorder sextet Plenum. Day 2 kicks off with a solo gig by the Hungarian sound artist and violinist Zsolt S\u00f6r\u00e9s, followed by the Viennese avantgarde band Pabst, and an oriental world music duo featuring the oud player and singer Salah Ammo and the percussionist Peter Gabis. All concerts are accompanied by site-specific light environments conjured by visual artist starsky. Further perspectives open up in introductory talks and the informal interaction between all participants, favored by the intimate, yet highly focused listening environment of the echoraum. Saturday\u2019s morning session features a panel discussion with Belma Be\u0161li\u0107-G\u00e1l, Bernhard G\u00e1l, Ernst Reitermaier and Werner Korn, followed by the traditional festival brunch.<\/span><\/p>\t\t\t\t\t\t\t\t<\/div>\n\t\t\t\t<\/div>\n\t\t\t\t\t<\/div>\n\t\t<\/div>\n\t\t\t\t\t<\/div>\n\t\t<\/section>\n\t\t\t\t<\/div>\n\t\t","protected":false},"excerpt":{"rendered":"<p>shut up and listen! 2015 SO FAR! SO GOOD. Thursday, November 26, 2015 Bernhard G\u00e1l: Beer Ceremony \u2014 participative opening &hellip; <span class=\"more-button\"><a href=\"https:\/\/www.sual-archives.net\/css\/sual-archives\/2015-2\/\" class=\"more-link\">Continue Reading<span class=\"screen-reader-text\">2015<\/span><\/a><\/span><\/p>\n","protected":false},"author":1,"featured_media":2093,"parent":96,"menu_order":0,"comment_status":"closed","ping_status":"closed","template":"","meta":{"footnotes":""},"folder":[],"class_list":["post-102","page","type-page","status-publish","has-post-thumbnail","hentry"],"amp_enabled":true,"_links":{"self":[{"href":"https:\/\/www.sual-archives.net\/css\/wp-json\/wp\/v2\/pages\/102","targetHints":{"allow":["GET"]}}],"collection":[{"href":"https:\/\/www.sual-archives.net\/css\/wp-json\/wp\/v2\/pages"}],"about":[{"href":"https:\/\/www.sual-archives.net\/css\/wp-json\/wp\/v2\/types\/page"}],"author":[{"embeddable":true,"href":"https:\/\/www.sual-archives.net\/css\/wp-json\/wp\/v2\/users\/1"}],"replies":[{"embeddable":true,"href":"https:\/\/www.sual-archives.net\/css\/wp-json\/wp\/v2\/comments?post=102"}],"version-history":[{"count":21,"href":"https:\/\/www.sual-archives.net\/css\/wp-json\/wp\/v2\/pages\/102\/revisions"}],"predecessor-version":[{"id":2094,"href":"https:\/\/www.sual-archives.net\/css\/wp-json\/wp\/v2\/pages\/102\/revisions\/2094"}],"up":[{"embeddable":true,"href":"https:\/\/www.sual-archives.net\/css\/wp-json\/wp\/v2\/pages\/96"}],"wp:featuredmedia":[{"embeddable":true,"href":"https:\/\/www.sual-archives.net\/css\/wp-json\/wp\/v2\/media\/2093"}],"wp:attachment":[{"href":"https:\/\/www.sual-archives.net\/css\/wp-json\/wp\/v2\/media?parent=102"}],"wp:term":[{"taxonomy":"folder","embeddable":true,"href":"https:\/\/www.sual-archives.net\/css\/wp-json\/wp\/v2\/folder?post=102"}],"curies":[{"name":"wp","href":"https:\/\/api.w.org\/{rel}","templated":true}]}}